72*c - 56. What is s(-38)?
96
Let r(d) = 108*d**2 - 2173*d + 9155. Determine r(6).
5
Let i(f) = -403*f + 78308. Give i(193).
529
Let f(k) = -11*k**2 - 705*k - 1406. Determine f(-2).
-40
Let c(h) = 425728*h - 21712130. Give c(51).
-2
Let r(v) = -65194*v - 2933715. Determine r(-45).
15
Let u(a) = 63476*a + 28373787. Determine u(-447).
15
Let n(t) = -593710*t**2 - t - 1. Give n(0).
-1
Let o(u) = 16024*u - 785177. Calculate o(49).
-1
Let q(c) = -2*c**3 + 21*c**2 + 931*c - 9401. Give q(10).
9
Let g(q) = -194*q - 305. Give g(-5).
665
Let f(x) = -232*x**3 + 9*x**2 + 4*x - 10. Give f(1).
-229
Let a(z) = 32090*z - 898522. Give a(28).
-2
Let i(k) = 31*k**3 - 120*k**2 + 302*k + 114. Determine i(3).
777
Let l(d) = 3*d**3 - 472*d**2 + 157*d - 76. Give l(157).
-76
Let f(l) = -l**3 + 323*l**2 - 964*l + 1285. Give f(320).
5
Let i(t) = -20*t**3 + 81*t**2 - 26*t + 94. Calculate i(6).
-1466
Let k(l) = 15*l**2 + 88959*l - 88960. Calculate k(1).
14
Let x(t) = -99*t**2 + 25*t - 35. Give x(-1).
-159
Let b(m) = -61674*m - 7955942. Determine b(-129).
4
Let j(l) = -1182*l**3 + 2333*l**2 + 8. Determine j(2).
-116
Let n(i) = i**2 + 257*i - 75270. What is n(174)?
-276
Let c(m) = -16*m**2 - 252*m - 1018. Give c(-5).
-158
Let g(c) = c**2 + 2054*c + 20475. Determine g(-10).
35
Let u(w) = -23620*w - 4109878. Determine u(-174).
2
Let v(h) = -9497*h + 1082851. Give v(114).
193
Let g(i) = 1562*i - 84422. Give g(53).
-1636
Let h(b) = 3*b**2 - 109*b - 56. Calculate h(43).
804
Let c(t) = t**3 - 87*t**2 - 235*t - 1722. Calculate c(90).
1428
Let o(w) = -w**2 + 37315*w + 3328958. Give o(-89).
2
Let b(t) = -116648*t + 233319. Calculate b(2).
23
Let t(z) = -2405*z**3 + z**2 + 104*z + 103. Determine t(-1).
2405
Let y(p) = p**3 + 97*p**2 - 577*p - 243. Determine y(6).
3
Let j(i) = i**3 + 48*i**2 - 14*i - 128. Calculate j(-48).
544
Let f(x) = -x**3 + 11*x**2 + 93919*x - 939288. What is f(10)?
2
Let a(c) = -68*c**3 - 501*c**2 - 11*c - 18. Determine a(-7).
-1166
Let u(n) = -13449*n + 19917961. Calculate u(1481).
-8
Let l(n) = -583*n - 592. Give l(-1).
-9
Let m(l) = -2*l**2 - 68014*l - 10426726. Determine m(-154).
-2
Let g(k) = -5*k**3 + 56*k**2 + 628*k - 6857. Give g(10).
23
Let v(j) = 2*j**3 - 177*j**2 + 2370*j + 8169. Give v(71).
4
Let t(d) = -14793*d + 133347. Calculate t(9).
210
Let v(y) = -2*y**2 + 46*y + 356. Give v(37).
-680
Let s(p) = 772*p**2 + 603*p - 161. What is s(-1)?
8
Let c(l) = 3*l**2 + 53*l + 502. Calculate c(-7).
278
Let t(k) = k**2 - 15505*k + 185896. Calculate t(12).
-20
Let a(p) = 1161*p - 38526. Determine a(27).
-7179
Let k(t) = -t**2 + 1222*t + 165441. What is k(-123)?
6
Let x(s) = -s**2 - 424*s + 29030. What is x(60)?
-10
Let i(j) = -16622*j - 33247. Calculate i(-2).
-3
Let h(m) = -3*m**3 + 86*m**2 - 271*m - 210. Determine h(25).
-110
Let f(j) = -14*j**2 - 13*j - 147. Determine f(-11).
-1698
Let s(r) = r**3 - 360*r**2 + 122*r - 43889. Calculate s(360).
31
Let v(q) = -1118*q - 6679. Determine v(-6).
29
Let u(t) = 196*t**2 + 299*t - 920. What is u(3)?
1741
Let f(l) = l**3 + 267*l**2 + 240*l - 6881. Give f(-266).
35
Let q(a) = -6*a**2 - 2451*a - 47728. Calculate q(-388).
-4
Let h(g) = 200994*g - 200996. Calculate h(1).
-2
Let j(l) = -4243*l**2 + 16970*l - 48. What is j(4)?
-56
Let i(m) = m**3 + 6*m**2 + 197*m + 740. Determine i(-4).
-16
Let z(q) = -637496*q + 3187506. Calculate z(5).
26
Let h(r) = 3*r**2 - 1491*r + 8902. What is h(491)?
64
Let w(z) = 6*z**2 - 3*z + 64. Calculate w(9).
523
Let h(u) = -87*u + 7940. Calculate h(93).
-151
Let x(y) = -2*y**3 + 67*y**2 - 36*y + 4891. Determine x(35).
-44
Let x(i) = -11*i**3 - 927*i**2 + 3025*i - 435. Give x(3).
0
Let s(c) = -3*c**3 - 124*c**2 + 549*c + 12968. Calculate s(11).
10
Let q(g) = -g**2 - 2509*g - 1346710. What is q(-778)?
8
Let z(l) = -l**3 + 407*l**2 + 60034*l + 453. Determine z(-115).
-7
Let t(q) = q**2 + 4701*q + 51600. Determine t(-11).
10
Let t(n) = -n**3 + 56*n**2 + 184*n - 5475. Determine t(57).
1764
Let p(i) = 6*i**3 + 1265*i**2 + 55788*i - 1183. Give p(-148).
1
Let b(x) = 34342*x - 274731. What is b(8)?
5
Let l(u) = -307*u - 41468. Calculate l(-135).
-23
Let v(d) = 860*d + 86373. Calculate v(-100).
373
Let i(l) = -2956947*l + 11827786. Calculate i(4).
-2
Let b(x) = -x**3 - 138*x**2 + 20*x + 21559. What is b(-137)?
50
Let b(s) = -1497*s - 156757. What is b(-105)?
428
Let m(l) = -1050409*l + 11554504. Give m(11).
5
Let z(w) = 78*w**2 - 100*w - 309. Give z(-3).
693
Let m(h) = -12760*h + 114860. Calculate m(9).
20
Let t(m) = 3*m**3 + 25*m**2 + 102*m + 48. What is t(-4)?
-152
Let w(i) = -8*i**2 + 873*i - 6013. Calculate w(7).
-294
Let m(f) = -3*f**3 + 12*f**2 + 4*f - 135. What is m(6)?
-327
Let t(o) = o**3 + 43*o**2 + 142*o - 102. Determine t(-4).
-46
Let p(q) = 85*q**3 - 17243*q**2 + 14746*q - 1. Give p(202).
-1
Let q(b) = 42*b**2 - 3783*b - 30. Determine q(90).
-300
Let n(c) = 2676*c - 16206. Give n(6).
-150
Let a(y) = -3*y**2 - 7*y + 236. Determine a(-6).
170
Let g(l) = l**3 + 69*l**2 + 325*l + 12804. Calculate g(-67).
7
Let b(m) = -55*m**2 + 384*m - 10. Calculate b(7).
-17
Let b(l) = 262*l + 3339. What is b(-11)?
457
Let j(x) = -x**3 + 33*x**2 + 7*x + 296. Determine j(0).
296
Let m(f) = -5*f**3 - 97*f**2 + 80*f + 662. Determine m(-20).
262
Let x(g) = 21*g**2 - 6458*g + 3384. Give x(307).
7
Let m(u) = u**3 + 29*u**2 - 2999*u - 89074. What is m(-30)?
-4
Let v(b) = 13*b**3 - 9*b**2 + 3*b + 102. Determine v(-3).
-339
Let d(x) = 197*x**3 + 6*x**2 - 37*x - 45. Calculate d(-1).
-199
Let j(r) = 3*r**2 - 204*r - 17763. Calculate j(118).
-63
Let i(f) = 949109*f - 7592876. Calculate i(8).
-4
Let v(n) = -3838*n + 4501968. Give v(1173).
-6
Let z(l) = -53*l**2 + 246*l - 1054. Calculate z(4).
-918
Let h(v) = v**3 + 161*v**2 - 1377*v - 4225. What is h(-169)?
0
Let m(b) = -5*b**2 - 214650*b + 3006084. Calculate m(14).
4
Let f(a) = -4*a**2 - 156*a + 901. What is f(-44)?
21
Let w(h) = -205*h**3 + 15785*h**2 - h - 131. What is w(77)?
-208
Let n(h) = 33*h**2 - 664*h - 1346. What is n(-2)?
114
Let f(c) = -c**2 + 3979*c + 55917. Calculate f(-14).
15
Let d(w) = w**2 + 77*w + 299. What is d(-42)?
-1171
Let m(p) = -74*p**3 - 208*p**2 - 16*p + 116. Give m(-1).
-2
Let l(n) = n**3 - 17*n**2 - 2452*n - 75. Determine l(-42).
-1167
Let o(f) = 151*f + 629. What is o(4)?
1233
Let o(f) = -452672*f - 62921412. What is o(-139)?
-4
Let q(c) = -2744*c + 734. Calculate q(1).
-2010
Let t(n) = -65*n**2 + 1057*n - 7367. What is t(7)?
-3153
Let d(z) = z**3 + 534*z**2 - 16313*z + 83. Calculate d(29).
489
Let y(f) = 53*f**2 + 22637*f + 2573. Determine y(-427).
11
Let n(o) = 865*o + 57935. What is n(-67)?
-20
Let i(c) = 544384*c + 2721916. Determine i(-5).
-4
Let s(q) = -q**3 - 6*q**2 + 608*q + 1895. Determine s(-3).
44
Let k(d) = d**3 - 2*d**2 + 2860*d + 26. Give k(0).
26
Let c(u) = u**3 - 281*u**2 + 9418*u + 26036. Give c(42).
-4
Let p(t) = -17728*t + 141813. What is p(8)?
-11
Let q(j) = -5414*j + 1147553. What is q(212)?
-215
Let w(r) = -49*r + 4889. Give w(102).
-109
Let q(x) = x**3 + 35*x**2 + 79*x + 2784. Give q(-31).
4179
Let d(x) = -4*x**2 + 44*x + 401. Calculate d(14).
233
Let r(f) = -3*f**3 - 3*f**2 + 90*f - 518. What is r(9)?
-2138
Let l(t) = -16*t + 2309. Determine l(139).
85
Let p(l) = 450*l - 84605. Give p(188).
-5
Let j(p) = -288*p - 2333. Determine j(-8).
-29
Let n(c) = -51*c - 11067. What is n(-171)?
-2346
Let v(b) = 482*b**2 - 948*b - 17. What is v(2)?
15
Let k(n) = -n**3 + 19360*n**2 + 193701*n + 22. Calculate k(-10).
12
Let p(v) = 13*v**2 + 121*v + 13. Determine p(-8).
-123
Let c(f) = -f**2 - 1350*f + 10980. Calculate c(8).
116
Let c(m) = 19*m**3 + 249*m**2 - 7*m - 371. Calculate c(-13).
58
Let u(r) = -119*r**3 + 2*r**2 - 54*r - 44. Determine u(-2).
1024
Let y(v) = v**3 + 22*v**2 - 27*v + 72. Calculate y(-24).
-432
Let b(u) = -6*u**2 + 12845*u - 25680. What is b(2)?
-14
Let t(m) = 784*m - 123. Calculate t(-6).
-4827
Let q(v) = 75103*v + 675931. What is q(-9)?
4
Let p(a) = -a**2 - 1391*a - 11027. Give p(-8).
37
Let s(y) = -819*y**2 + 190*y - 16. Calculate s(0).
-16
Let n(h) = -1268*h - 1164. What is n(-1)?
104
Let k(p) = p**3 + 483*p**2 + 2023*p + 51247. Give k(-479).
-6
Let w(a) = 1152*a**2 + 3453*a - 5. Determine w(-3).
4
Let z(v) = -997*v + 14382. Calculate z(16).
-1570
Let x(n) = -1630*n + 1425. Calculate x(1).
-205
Let c(w) = 